 9094?
4
What is the ten thousands digit of 66597?
6
What is the units digit of 21?
1
What is the tens digit of 166796?
9
What is the units digit of 752?
2
What is the thousands digit of 13776?
3
What is the hundreds digit of 47076?
0
What is the thousands digit of 16262?
6
What is the hundreds digit of 17179?
1
What is the hundreds digit of 2152?
1
What is the hundreds digit of 4718?
7
What is the units digit of 589?
9
What is the thousands digit of 26569?
6
What is the units digit of 5011?
1
What is the units digit of 847?
7
What is the hundreds digit of 2131?
1
What is the hundreds digit of 2839?
8
What is the tens digit of 18?
1
What is the tens digit of 34939?
3
What is the thousands digit of 3788?
3
What is the ten thousands digit of 37649?
3
What is the ten thousands digit of 18992?
1
What is the ten thousands digit of 13744?
1
What is the thousands digit of 1562?
1
What is the hundreds digit of 890?
8
What is the tens digit of 3788?
8
What is the hundreds digit of 739?
7
What is the units digit of 4933?
3
What is the units digit of 2106?
6
What is the tens digit of 224?
2
What is the tens digit of 32692?
9
What is the hundreds digit of 8628?
6
What is the tens digit of 133?
3
What is the hundreds digit of 6885?
8
What is the thousands digit of 2475?
2
What is the units digit of 1513?
3
What is the hundreds digit of 15341?
3
What is the tens digit of 10452?
5
What is the hundreds digit of 1390?
3
What is the tens digit of 19643?
4
What is the thousands digit of 8605?
8
What is the hundreds digit of 12704?
7
What is the thousands digit of 56889?
6
What is the thousands digit of 50044?
0
What is the hundreds digit of 411?
4
What is the hundreds digit of 11106?
1
What is the tens digit of 6890?
9
What is the tens digit of 6862?
6
What is the units digit of 473?
3
What is the hundred thousands digit of 148277?
1
What is the units digit of 2449?
9
What is the ten thousands digit of 84707?
8
What is the tens digit of 47431?
3
What is the hundreds digit of 1135?
1
What is the units digit of 69291?
1
What is the units digit of 33090?
0
What is the tens digit of 2103?
0
What is the tens digit of 1155?
5
What is the thousands digit of 1118?
1
What is the units digit of 2699?
9
What is the units digit of 1936?
6
What is the hundreds digit of 47307?
3
What is the tens digit of 7245?
4
What is the thousands digit of 2188?
2
What is the hundreds digit of 1486?
4
What is the tens digit of 94109?
0
What is the ten thousands digit of 43307?
4
What is the hundreds digit of 51232?
2
What is the hundreds digit of 11153?
1
What is the tens digit of 7309?
0
What is the units digit of 25762?
2
What is the thousands digit of 3300?
3
What is the tens digit of 20?
2
What is the ten thousands digit of 39711?
3
What is the tens digit of 10836?
3
What is the tens digit of 57339?
3
What is the thousands digit of 2063?
2
What is the thousands digit of 5329?
5
What is the tens digit of 6676?
7
What is the units digit of 1?
1
What is the hundreds digit of 63697?
6
What is the units digit of 30459?
9
What is the ten thousands digit of 35845?
3
What is the units digit of 38846?
6
What is the thousands digit of 3539?
3
What is the tens digit of 2220?
2
What is the hundreds digit of 4858?
8
What is the hundreds digit of 2552?
5
What is the ten thousands digit of 20919?
2
What is the units digit of 16047?
7
What is the tens digit of 668?
6
What is the units digit of 70663?
3
What is the hundreds digit of 13984?
9
What is the thousands digit of 2982?
2
What is the hundreds digit of 4931?
9
What is the tens digit of 3545?
4
What is the tens digit of 55176?
7
What is the ten thousands digit of 32650?
3
What is the hundreds digit of 91552?
5
What is the hundreds digit of 64159?
1
What is the tens digit of 7324?
2
What is the tens digit of 1885?
8
What is the thousands digit of 34870?
4
What is the hundreds digit of 1104?
1
What is the tens digit of 2546?
4
What is the thousands digit of 12117?
2
What is the units digit of 721?
1
What is the units digit of 297?
7
What is the units digit of 3620?
0
What is the units digit of 49057?
7
What is the tens digit of 1308?
0
What is the ten thousands digit of 24364?
2
What is the tens digit of 8627?
2
What is the thousands digit of 1524?
1
What is the thousands digit of 77985?
7
What is the tens digit of 52492?
9
What is the units digit of 30446?
6
What is the units digit of 7809?
9
What is the tens digit of 3979?
7
What is the units digit of 52431?
1
What is the thousands digit of 69550?
9
What is the thousands digit of 67045?
7
What is the tens digit of 5812?
1
What is the thousands digit of 9109?
9
What is the units digit of 3593?
3
What is the ten thousands digit of 17502?
1
What is the ten thousands digit of 10763?
1
What is the thousands digit of 1235?
1
What is the ten thousands digit of 137185?
3
What is the thousands digit of 148272?
8
What is the thousands digit of 12646?
2
What is the units digit of 1008?
8
What is the units digit of 851?
1
What is the units digit of 5965?
5
What is the ten thousands digit of 17446?
1
What is the thousands digit of 2838?
2
What is the ten thousands digit of 52474?
5
What is the ten thousands digit of 11422?
1
What is the thousands digit of 9775?
9
What is the tens digit of 23160?
6
What is the thousands digit of 24441?
4
What is the thousands digit of 2692?
2
What is the units digit of 2823?
3
What is the thousands digit of 8097?
8
What is the ten thousands digit of 12331?
1
What is the hundred thousands digit of 110163?
1
What is the hundreds digit of 7451?
4
What is the thousands digit of 14397?
4
What is the tens digit of 51?
5
What is the units digit of 131494?
4
What is the units digit of 1272?
2
What is the hundreds digit of 2122?
1
What is the hundreds digit of 26754?
7
What is the hundreds digit of 102?
1
What is the hundreds digit of 10888?
8
What is the tens digit of 3611?
1
What is the hundreds digit of 28925?
9
What is the hundreds digit of 3548?
5
What is the units digit of 256?
6
What is the units digit of 21727?
7
What is the tens digit of 2209?
0
What is the thousands digit of 31251?
1
What is the hundreds digit of 1696?
6
What is the tens digit of 144672?
7
What is the tens digit of 247?
4
What is the thousands digit of 1368?
1
What is the hundreds digit of 12187?
1
What is the units digit of 596?
6
What is the thousands digit of 22368?
2
What is the hundreds digit of 900?
9
What is the units digit of 28093?
3
What is the units digit of 17059?
9
What is the thousands digit of 2974?
2
What is the units digit of 457?
7
What is the units digit of 2713?
3
What is the ten thousands digit of 10678?
1
What is the hundred thousands digit of 123016?
1
What is the thousands digit of 44343?
4
What is the hundreds digit of 956?
9
What is the tens digit of 762?
6
What is the tens digit of 1035?
3
What is the hundreds digit of 121106?
1
What is the hundreds digit of 326?
3
What is the thousands digit of 30602?
0
What is the hundreds digit of 40220?
2
What is the hundreds digit of 15208?
2
What is the units digit of 18652?
2
What is the tens digit of 22961?
6
What is the hundreds digit of 83506?
5
What is the hundreds digit of 667?
6
What is the hundreds digit of 5727?
7
What is the thousands digit of 93233?
3
What is the tens digit of 44820?
2
What is the thousands digit of 3753?
3
What is the units digit of 61?
1
What is the hundreds digit of 8896?
8
What is the thousands digit of 17262?
7
What is the hundreds digit of 27818?
8
What is the hundreds digit of 3044?
0
What is the tens digit of 1039?
3
What is the tens digit of 58393?
9
What is the units digit of 40949?
9
What is the units digit of 511?
1
What is the units digit of 825?
5
What is the hundreds digit of 3566?
5
What is the thousands digit of 5699?
5
What is the tens digit of 5919?
1
What is the units digit of 100715?
5
What is the tens digit of 13839?
3
What is the tens digit of 78159?
5
What is the tens digit of 1864?
6
What is the units digit of 915?
5
What is the units digit of 1839?
9
What is the units digit of 6532?
2
What is the units digit of 492?
2
What is the tens digit of 2408?
0
What is the units digit of 604?
4
What is the hundreds digit of 16844?
8
What is the units digit of 2980?
0
What is the units digit of 3